- -6747) + 4?
6
Let j(h) = h**3 - 21*h**2 - 45*h - 19. Let y be j(23). Suppose -4*m + 402 = t, 1595 = y*t + m + 2*m. What is the units digit of t?
8
Suppose 0 = 4376*x - 4418*x + 346727 + 232747. What is the tens digit of x?
9
Let w = -21 + 49. Let d be 1/1 + (w/7)/(-4). Suppose 3*l - 21*l + 2142 = d. What is the units digit of l?
9
Let t = -35 - -9. Let v = 102 - t. Suppose v = 5*b - 3*b. What is the tens digit of b?
6
Suppose 42*n - 159224 - 64487 = 61595. What is the thousands digit of n?
6
Let g(f) = -10 - 11 - 34 + 3*f + 6*f. Suppose 65 = 5*m + 4*b, 3*b = -0*b. What is the tens digit of g(m)?
6
Let j(u) = 1747*u**2 + 69*u + 495. What is the thousands digit of j(-6)?
2
Let b be 0 - (1 + -9) - 1798. Let r = -599 - b. What is the tens digit of r?
9
Let c(b) = 13*b + 64. Let v be c(-4). Suppose v*l - 3*o = 11*l + 1656, 0 = 4*l + 2*o - 6694. What is the units digit of l?
1
Suppose 21*i - 17585 = 30*i - 482228. What is the tens digit of i?
2
Suppose -3*w - 24 = -3*x, -3*x + 41 = w + 5. Suppose -14*v = -11*v - 132. What is the units digit of 52/v - 1 - (-31)/x?
3
Let r(n) = -n**2 - 22*n - 84. Let c be r(-4). What is the hundreds digit of 1702 - (38/(-8) - 9/c)?
7
Let y = -21262 - -50566. What is the units digit of y?
4
Suppose 25 = 5*x, -5*a - 5*x + 19 + 16 = 0. Suppose -4*z + a*z - 54 = 0. Let u = 41 + z. What is the units digit of u?
4
Suppose -191 = -5*d + 6*d. Let l = d + -31. Let t = l - -312. What is the units digit of t?
0
Let v = 67676 - 36174. What is the hundreds digit of v?
5
Suppose 9*k + 136772 - 466865 = 0. What is the thousands digit of k?
6
Let y(c) = -c + 12. Let q(x) = -x**2 + 5*x + 13. Let w be q(7). Let m be (w/(-2))/((-5)/(-110)). What is the units digit of y(m)?
1
Suppose 0 = 5*u - 2620 - 1440. Let l = u - -577. What is the units digit of l?
9
What is the hundreds digit of (15 + 0)/(125/71475)?
5
Let f(w) be the third derivative of -w**6/120 + w**5/5 - 11*w**4/8 - 11*w**3/6 + 25*w**2 + w. What is the units digit of f(6)?
7
Let q(g) = 326*g - 134. What is the units digit of q(8)?
4
Let k(y) = 49*y - 132*y + 58*y + 19 - 76. What is the units digit of k(-10)?
3
Suppose -3*z + 4111 = p, 11*z = -5*p + 10*z + 20625. What is the units digit of p?
6
Let j(z) = -z**3 - 2*z**2 - 258. Let m(p) = -p**2 + p - 1. Let i(l) = -j(l) + 2*m(l). Let u be i(0). Suppose -4*h = -u - 172. What is the hundreds digit of h?
1
Suppose 3*o = -c - 3381 + 35467, -4*c + 128253 = -o. What is the tens digit of c?
6
Suppose 204*r = 300*r - 1162080. What is the ten thousands digit of r?
1
Suppose -3*b - 9 + 15 = 0. Suppose -303 = -3*y - b*w + 364, 4*y + 2*w - 888 = 0. What is the units digit of y?
1
What is the tens digit of (43536/(-180)*5)/(0 - (-3)/(-135))?
2
Let x be ((-6948)/(-15))/(-4)*5. Let v = 1887 + x. What is the thousands digit of v?
1
Let v(t) = 1795*t + 5479. What is the units digit of v(8)?
9
Let b(s) = 5*s**2 + s + 9. Suppose -a + 5*l = -56, 0*a + 180 = 4*a + 2*l. Let x = 50 - a. What is the units digit of b(x)?
3
Suppose -268*p = -272*p - 364. Let s = 540 - p. What is the tens digit of s?
3
Let z be (2 - 2 - 5190)*(-18)/45. Let l = z + -558. What is the units digit of l?
8
Let p = 6697 + 9224. What is the hundreds digit of p?
9
Let g be (171/(-18) - -8)*20/(-6). Suppose -612 = -2*f + g*v, 0 = -f - 5*v + 383 - 77. What is the hundreds digit of f?
3
Suppose 4*b - 965 = -x, -5 = b - 2*x - 235. Suppose -w + 5*n + b = 0, 3*w - 5*n - 260 = 430. What is the units digit of w?
5
Suppose 488*a - 494*a = -43248. What is the hundreds digit of a?
2
Let v = -2417 - -7911. What is the hundreds digit of v?
4
Suppose 0*z - 2*z + 10 = i, 6 = -2*z - 5*i. Suppose -2*h + l = -377, -8*l + z*l = -5*h + 950. What is the hundreds digit of h?
1
What is the tens digit of ((-1)/(-3))/((-60)/(-386820))?
4
Let l(a) be the second derivative of a**4/12 - 3*a**3/2 - 2*a**2 + 9*a + 5. What is the units digit of l(12)?
2
Let l be (-9795)/(-33) + (-10)/(-55). Suppose 2*s - l = -4*c + c, 0 = -3*c + 5*s + 276. Let j = 188 - c. What is the units digit of j?
1
Let l(x) be the third derivative of x**5/12 + x**4/8 + 29*x**3/2 + 136*x**2 - 2. What is the hundreds digit of l(-7)?
3
Suppose 59 - 63 = -2*h. Suppose 3*w - 15 = -0, -5*f + h*w + 635 = 0. What is the units digit of f?
9
Suppose 84*w - 153104 = 80*w + 2*f, 5*w + 5*f = 191335. What is the ten thousands digit of w?
3
Let u(a) = 6*a**2 + 7*a + 18. Suppose -20 = -6*o + o - 5*t, -5*t + 20 = 2*o. Suppose o = -3*f + 4*b - 0 - 15, -2*f + 2*b = 10. What is the tens digit of u(f)?
3
What is the units digit of -10*((-23)/(920/104628) - (-2)/10)?
5
Suppose 2*s + 4*s + 252 = 0. Let t = -39 - s. Suppose 137 + 100 = t*j. What is the units digit of j?
9
Suppose -32 = -2*z - 30. What is the tens digit of (0 + z)/(100/82800)?
2
Suppose 4*a = -3*t + 3253, 2*t + 10*a = 11*a + 2176. Suppose 5*y + 57 - 343 = -v, -t = -4*v - y. What is the hundreds digit of v?
2
Let j(x) = -7*x**2 - 7*x - 115. Let r(k) = k**2 + k. Let l(y) = -j(y) - 6*r(y). What is the hundreds digit of l(22)?
6
Let w be -76 - (36/(-10) + 18/30). Let c = w + 79. Suppose 0 = 2*r - c - 214. What is the tens digit of r?
1
Suppose 515*k - 512*k + 4*h - 71366 = 0, -2*k = -2*h - 47568. What is the ten thousands digit of k?
2
Suppose 46*p - 370572 = 602972. Suppose -21*h + 43*h = p. What is the tens digit of h?
6
Suppose -2*r + 7669 + 1232 = -r. What is the tens digit of r?
0
Let y(h) = 689*h + 19. Let j be y(-1). Let l = j + 1720. What is the tens digit of l?
5
Suppose 0*d - 3*d + 5*v = -14, d - 5 = 2*v. Let z = 1 - 1. Suppose -5*g - 4*h = -d*g - 18, z = -g + 4*h + 15. What is the tens digit of g?
1
What is the units digit of (3/((-9)/2) - 210/90) + 15133?
0
Suppose 74 = -23*y + 28. What is the tens digit of (y - 4/(-12)*-6) + 756?
5
Suppose 117*b - 199*b = -438700. What is the thousands digit of b?
5
Let c be 15/(((-412)/(-25))/4 + -4). What is the hundreds digit of (c - -4)/(3/10)?
4
Let m(y) = 2*y**3 + 12*y**2 + 10*y + 12. Let h be m(-8). Let w = -149 - h. Let u = w - 129. What is the units digit of u?
6
Suppose -60*b + 197814 = -32886. What is the tens digit of b?
4
Suppose 7738100 + 4728333 = -40*a + 257*a. What is the ten thousands digit of a?
5
Let l(w) = -w + 5. Let r be l(15). What is the tens digit of (6 - (-65)/r)*-596?
9
Let p be (111 + -22)/(1/5). Let q = 33 - -15. Suppose 43*d - q*d = -p. What is the tens digit of d?
8
Suppose 4*u = -n + 16, 6*n + 16 = 4*u + 2*n. Suppose u*z - 12 = -0*z. Suppose 3*a + z*b = 126, 5*a - 200 = 2*b + 3*b. What is the tens digit of a?
4
Suppose 0 = -4*n - 2*v + 54940, 2*v = 4*n - 59101 + 4169. What is the tens digit of n?
3
Suppose -25*y + 251378 = 12*y. What is the thousands digit of y?
6
Let p be ((-66)/9)/(4/(-66)). Let h be 8/10 + 308/(-385). Let l = p + h. What is the tens digit of l?
2
Suppose 3*z - 17298 = -13*z + 116686. What is the hundreds digit of z?
3
Let f be 2/((-8)/(-12))*(-4)/(-3). Let b be (1 - 1/f)/(9/24). What is the tens digit of (-88)/(-2) + b + 1 + -4?
4
Let m(n) = -27 - 2 + 4 + 15*n. Let y(t) = -15*t + 24. Let o(i) = 2*m(i) + 3*y(i). What is the units digit of o(-9)?
7
Suppose 8*q - 1764 = 5*q. Suppose 84 = 3*g - q. What is the units digit of g/6 + (-1)/3?
7
Let o(j) = -2*j**3 - 162*j**2 - 110*j - 429. What is the tens digit of o(-82)?
3
Suppose -26*f - 4*f - 137206 = -436426. What is the units digit of f?
4
Let m(h) be the third derivative of 35*h**4/24 - h**3/3 - 8*h**2. Let t be m(2). Let d = t + -23. What is the units digit of d?
5
Let t(g) = 176*g - 128. What is the hundreds digit of t(8)?
2
Let g(n) = 9*n + 7*n + 202 - 5*n + n + 7*n. What is the units digit of g(16)?
6
Suppose 24*g = 4647 + 2601. What is the hundreds digit of g + (-9 - -5 - -10)?
3
Suppose -d + 48*p + 25172 = 50*p, -2*d = -2*p - 50302. What is the hundreds digit of d?
1
Let m be ((-56)/(-16))/(3/(-42)). Let u = 55 + m. Suppose u*d = 226 + 266. What is the units digit of d?
2
Let r(k) = 4*k**2 - 24*k + 279. What is the thousands digit of r(43)?
6
Let q = -16521 + 19339. What is the thousands digit of q?
2
What is the thousands digit of 12385 + ((-77)/(-11) - (22 + -11))?
2
Suppose 2*x = 4*z - 134 + 34, 0 = x + 5*z + 71. What is the units digit of 2007/(-12)*x/21?
6
Suppose 5*m = -4*m + 90558. What is the thousands digit of m?
0
Suppose -4*w - j +